igit of g?
3
Let l be 10 + -5 - (-3 + 2). What is the tens digit of (l/(-10))/((-1)/65)?
3
Let v = 21 + -18. Suppose -40 = -7*m + v*m. What is the units digit of m?
0
Let d = 206 + -199. Let u = 140 - 92. Suppose 0 = -p - 5*m - d + u, p + m = 29. What is the tens digit of p?
2
Let n = -11 - -7. Let v be (-6 - -3)/(3/n). Suppose -z + 59 = 5*o, 8 = v*o - 2*z - 42. What is the units digit of o?
2
Let u = 212 + 422. What is the units digit of u?
4
Let p = 782 + -504. Let a = -148 + p. What is the hundreds digit of a?
1
Suppose -3*m - 5*s + 747 = 0, 5*m - 784 - 483 = -s. What is the tens digit of m?
5
Let y be ((-12)/20)/(2/(-10)). Suppose 2*q - 32 = -2*h, -y*h + 54 = 4*q - 10. Suppose 4*x = 4 + q. What is the units digit of x?
5
Let u be ((-348)/(-4) + 1)/1. Suppose -2*d + u = 2*d - r, -4*r - 88 = -4*d. What is the units digit of d?
2
Let z = 211 + -160. What is the units digit of z?
1
Let s be (0 - 2)*(0 + 4 + -48). Suppose -83*c - 765 = -s*c. What is the hundreds digit of c?
1
Suppose s = 2*s + 5*m - 1495, 3*s = m + 4549. What is the thousands digit of s?
1
Let u(w) = w + 7. Let a be u(-8). Let i = 10 - -17. What is the units digit of 0 - (-1 - a - i)?
7
Let t be ((-18)/(-27))/(4/18). Suppose -y - 2*s = -0 - 5, -t*y + 15 = 2*s. Suppose 0 = y*n - 2*g - 8 - 32, 5*n - g = 45. What is the tens digit of n?
1
Let w = -19 - -25. Suppose -k + b = -4, -14 = k - w*k + 2*b. Suppose -k*l - 23 = -141. What is the tens digit of l?
5
What is the tens digit of 504 + 2 + 1 + -2?
0
Let v(n) = 26*n - 6. Let f be v(5). Let k = f - -26. What is the tens digit of k?
5
Let h(j) = -j**3 - 8*j**2 - j + 2. Let s be h(-5). What is the tens digit of (-2)/4*s + 0?
3
Let c = 72 - 70. What is the tens digit of 48 + (c + -2)/(-1)?
4
Let u be 12/(4 - 1) - -14. Suppose -9 - u = 3*y. Let h(z) = -z**3 - 8*z**2 + 6*z - 11. What is the tens digit of h(y)?
1
Let x(v) be the second derivative of v**5/20 - v**4/4 + v**3 - 3*v**2/2 + 94*v. Let t = 1 + 3. What is the tens digit of x(t)?
3
Suppose 4*v + 0*v = 8. Suppose -v*j + 7 = -3. Suppose -44 = -3*d - j*i + 59, -4*d + 114 = -5*i. What is the units digit of d?
1
Suppose -3*u = -4*r - r - 19, -2*u + 19 = 3*r. Suppose -u*a = -6*a - 96. What is the units digit of a?
8
Let r(f) = 15*f**2 + 13*f - 121. What is the units digit of r(6)?
7
Let f(c) = 3*c**2 - c + 1. Let b(z) = -5*z**2 + 3*z - 3. Let d(t) = 4*b(t) + 9*f(t). Let u be d(4). Suppose -u = -4*x - 41. What is the tens digit of x?
2
Let y be (3 - (-33)/(-9))/((-2)/6). Suppose -t + 30 = y*t. What is the units digit of t?
0
Suppose 0 = -4*q + 13 + 3. Let l(d) = 4*d - 12. Let w be l(q). What is the tens digit of 32 - (-7 + 4 + w)?
3
Let j(m) = 17*m**2 - 5*m - 7. Let z(q) = 10*q + 83. Let u be z(-8). What is the hundreds digit of j(u)?
1
Suppose 6*w - 2*w - 8 = 0. Let s(v) = v**3 - 3*v**2 - 4*v**3 + w*v**3 - 3*v. What is the units digit of s(-4)?
8
Let g(c) = -c**2 - c + 6. Let s be g(-2). Suppose 0 = s*j - 10*j + 426. What is the tens digit of j?
7
What is the thousands digit of (-1740)/((-11)/((-198)/(-27)))?
1
Suppose -3*w = -4*a + 23, 0 = -5*w - 16 - 9. Let d be 3 + 2/a*2. Suppose 328 - 103 = d*z. What is the tens digit of z?
4
Let g = -554 + 3138. What is the hundreds digit of g?
5
Let y be (2/(-4))/(1/(-62)). Let f be (-720)/32*(-3 + 14/6). Suppose -s - p + 26 = 0, s - f = 4*p + y. What is the tens digit of s?
3
Let v(y) = y**3 - 15*y**2 - 16*y. Suppose 4*m - 3 - 61 = 0. Let s be v(m). Suppose -2*r + 5*r - 33 = s. What is the tens digit of r?
1
Let k(w) be the second derivative of w**4/12 + 4*w**3/3 + w**2 - 27*w. Let b = -2 + -6. What is the units digit of k(b)?
2
Let s = -37 - -40. Suppose 5*a = p + 539 - 107, 0 = s*a + 4*p - 273. What is the tens digit of a?
8
Suppose 3*r - 2524 = r. Suppose -3*a - k + r = 0, -k - 1 - 3 = 0. What is the units digit of (-14)/49 + a/7?
0
Let h = 1659 - 1051. What is the tens digit of h?
0
Let g(c) = -5*c + 7. Let h be g(2). Let w be ((-24)/(-20))/(h/(-10)). Suppose -48 + 124 = w*j. What is the units digit of j?
9
What is the units digit of 13/((-182)/(-29463)) - 1/(-2)?
5
Let h be 752/24 + 12/(-9). Let f = h - -6. Let y = f - 7. What is the tens digit of y?
2
Let y be (-2 + 12/3)/((-2)/15). What is the tens digit of ((-198)/y)/((-2)/(-10))?
6
Suppose -2*w - w = -21. Let y(v) = -35*v**3 - 2*v**2 + v + 2. Let g be y(-2). Suppose w*m + g = 11*m. What is the units digit of m?
8
Let z(b) = -186*b - 30. What is the thousands digit of z(-8)?
1
What is the hundreds digit of (-18*(-9)/(-24))/(51/(-7616))?
0
Let u(k) = 2*k**2 + k - 2. Let o be u(2). Let i = o - 3. Suppose 5*d = i + 5. What is the units digit of d?
2
Suppose 0 = -4*b - 5*v + 734, -b + 17 = 4*v - 172. Suppose -897 = -11*w + b. What is the units digit of w?
8
Suppose -4*t + 0*t = -4*q - 400, -3*q - 12 = 0. Suppose -3*b = 2*p - 0 + 3, -3*p - 32 = -b. What is the tens digit of t/p*-1*3?
3
Let f(k) = -k**3 + k**2 + 7*k + 66. What is the units digit of f(-5)?
1
Let r(s) be the first derivative of s**3/3 - 17*s**2/2 + 20*s - 3. Suppose -2*t = -0*t - 32. What is the units digit of r(t)?
4
Let j(x) = -x**3 - 7*x**2 + 3*x + 6. Let a be j(-6). Let f be ((-1)/1)/((-6)/a). Let h(z) = z**2 + 5*z + 1. What is the tens digit of h(f)?
2
What is the hundreds digit of ((-211)/2)/(13/(-52))?
4
What is the hundreds digit of 203134/329 + (-4)/(-7)?
6
Let k = -84 - -88. Suppose 0 = -4*u - 3*y + 148, k*y + 12 + 4 = 0. What is the tens digit of u?
4
Let c(x) = -17*x + 5. Let y be c(3). What is the hundreds digit of (-474 - 0/2)/(y/23)?
2
Let h(x) be the second derivative of 2*x**5 - x**4/4 + x**3/3 + 6*x. What is the tens digit of h(1)?
3
Let h be (-3 - 2)*1/5*6. What is the tens digit of 10/h + 472/6?
7
Let l(w) be the first derivative of 39*w**2 - w + 6. What is the tens digit of l(1)?
7
Let o be (-10)/3*(-30)/25. Suppose j = 2*n - n + 37, o*j - n - 163 = 0. What is the units digit of j?
2
Let y(r) = r**3 + 9*r**2 - 8*r + 31. What is the hundreds digit of y(-8)?
1
Let c = -766 - -1557. What is the tens digit of c?
9
Let l(t) = 6*t**3 + t - 1. Let w be l(1). Suppose 2*p - 5 = 4*p + 3*z, w = -5*p - z. What is the units digit of 3 + 30 + (2 - p)?
6
Suppose -3*g = 4*o - 615, 2*o + g - 303 = -2*g. Suppose 12*w = 10*w + o. What is the units digit of w?
8
What is the tens digit of (-1)/(-12) + (-2)/(384/(-157424))?
2
What is the units digit of (-18)/(-3) + 4891 - (-14)/(-7)?
5
Let r(f) = -2*f**2 + 0*f**2 - 2*f + f - 2 - 2*f**3. Let g = 131 + -133. What is the units digit of r(g)?
8
Let c(k) = -k**2 + 2*k + 5. Let b be c(-5). Let j = b - -49. Suppose 2*l - 87 = 5*r, -3*l + r + j = -79. What is the tens digit of l?
3
Suppose 3*v + 4*u - 3*u = -239, 4*v + 2*u + 318 = 0. Let m = 197 + v. What is the tens digit of m?
1
Let s = 197 - 141. What is the tens digit of -18*(-284)/s - (-4)/(-14)?
9
Let f(v) = -v**3 + 16*v + 6*v**2 + 0*v**3 - 22 + 4*v**2 + 6. What is the tens digit of f(11)?
3
Let h = 34 - 28. Suppose -2*m - h = -16. Suppose m*r - 272 = r. What is the tens digit of r?
6
Suppose 10*p + 2 = 42. Suppose -p*f + 0*f = -3*v - 81, -4*f + 2*v + 78 = 0. What is the units digit of f?
8
Suppose 6*m = -2*r + m + 808, 2*m - 2041 = -5*r. What is the units digit of r?
9
What is the units digit of -2*((-10)/2 + 4) - -71?
3
Suppose -4143 = -3*m + 3*b, 2*b = -m + 6*m - 6893. What is the tens digit of m?
7
What is the tens digit of (3*6/(-4))/(180/(-5280))?
3
Let a = -60 - -56. Let k(o) = -2*o**3 - 2*o**2 + 6*o + 4. What is the tens digit of k(a)?
7
Let y = -7 - -11. Suppose -2*a - y*a + 462 = 0. What is the tens digit of a?
7
Suppose 0 = -3*s - 12, -2*s - 30 = -5*c - 12. Let p(h) = -5 - 3*h - 5*h + 0*h + 14 + h**c. What is the units digit of p(9)?
8
Suppose -49*o = -29*o - 27700. What is the hundreds digit of o?
3
Suppose -11 = -3*v + i - 2*i, -2*v + 5*i = -30. Suppose -v*s = -4*z - z - 1070, -444 = -2*s - 2*z. What is the hundreds digit of s?
2
What is the tens digit of 3*(-3 - -1) - -404?
9
Let h be -20 - 1*(-8)/(-2). What is the units digit of 8/(-2)*h/6?
6
Let n(u) = 41*u**2 - 21*u + 111. What is the thousands digit of n(5)?
1
Let q = 103 + -99. Suppose -q*p + 524 = 3*g + g, 2*g + 143 = p. What is the tens digit of p?
3
What is the tens digit of (1/(-2))/((-48)/10848)?
1
What is the units digit of (-357)/6*(6 + -8)*2?
8
What i